ue
Is 16 a factor of 48672?
True
Is 2217322 a multiple of 47?
False
Is 64 a factor of 2091086?
False
Does 966 divide 260388?
False
Does 7 divide 27916?
True
Is 23814678 a multiple of 142?
True
Does 10 divide 197755?
False
Does 8 divide 373671?
False
Is 12 a factor of 241959?
False
Is 1890756 a multiple of 54?
True
Does 55 divide 5566825?
True
Is 520561 a multiple of 22?
False
Does 19 divide 45937?
False
Does 60 divide 839721?
False
Is 158804 a multiple of 184?
False
Is 107996 a multiple of 203?
True
Is 2 a factor of 106623?
False
Does 13 divide 41085?
False
Is 173 a factor of 3943890?
False
Is 22 a factor of 27891?
False
Is 27 a factor of 10976254?
False
Is 1232885 a multiple of 5?
True
Is 28635 a multiple of 5?
True
Is 375966 a multiple of 42?
False
Does 275 divide 1952225?
True
Is 22682 a multiple of 51?
False
Is 199901 a multiple of 110?
False
Is 38 a factor of 12563988?
False
Is 8 a factor of 554199?
False
Is 248138 a multiple of 481?
False
Is 12060 a multiple of 18?
True
Is 9818538 a multiple of 65?
False
Is 169 a factor of 2401997?
True
Is 100 a factor of 489100?
True
Is 120 a factor of 2117669?
False
Is 94339 a multiple of 43?
False
Is 10 a factor of 476162?
False
Does 9 divide 186391?
False
Does 16 divide 2034717?
False
Does 137 divide 1140264?
False
Does 24 divide 7333752?
True
Is 316 a factor of 70468?
True
Does 49 divide 1445157?
True
Is 1788225 a multiple of 339?
True
Is 120 a factor of 3142680?
True
Is 2087 a factor of 15556498?
True
Is 20039885 a multiple of 709?
True
Does 231 divide 76461?
True
Is 254 a factor of 7604940?
False
Does 162 divide 309744?
True
Is 12 a factor of 30755?
False
Is 128 a factor of 4194582?
False
Does 26 divide 2650174?
False
Is 359136 a multiple of 110?
False
Does 58 divide 278284?
True
Is 3003049 a multiple of 17?
False
Does 13 divide 2859014?
False
Does 35 divide 220955?
True
Does 2 divide 67047?
False
Is 880257 a multiple of 61?
False
Is 4385100 a multiple of 38?
False
Is 36069 a multiple of 11?
True
Is 391420 a multiple of 17?
False
Does 23 divide 397116?
False
Is 11 a factor of 2427722?
True
Does 6 divide 1604302?
False
Is 20 a factor of 792980?
True
Does 86 divide 68785?
False
Does 77 divide 327404?
True
Does 5 divide 36759?
False
Is 106 a factor of 244118?
True
Is 101406 a multiple of 316?
False
Is 54 a factor of 1075051?
False
Is 3 a factor of 851316?
True
Does 110 divide 2910130?
False
Is 775974 a multiple of 69?
True
Is 2507035 a multiple of 208?
False
Does 66 divide 2155222?
False
Does 31 divide 1829186?
True
Is 1133802 a multiple of 107?
False
Does 274 divide 17714100?
True
Does 20 divide 46860?
True
Is 28280 a multiple of 7?
True
Is 32 a factor of 1327404?
False
Is 65 a factor of 25727?
False
Is 192801 a multiple of 109?
False
Does 2097 divide 17525459?
False
Does 1015 divide 1383445?
True
Does 15 divide 243045?
True
Is 87934 a multiple of 6?
False
Does 17 divide 775051?
False
Does 76 divide 4645179?
False
Is 212 a factor of 185064?
False
Is 464 a factor of 2359904?
True
Is 640 a factor of 2046720?
True
Does 77 divide 2788555?
True
Is 620384 a multiple of 16?
True
Does 469 divide 493388?
True
Does 153 divide 2832966?
False
Does 35 divide 37940?
True
Does 28 divide 34804?
True
Is 74 a factor of 64380?
True
Is 105103 a multiple of 21?
False
Does 23 divide 67965?
True
Is 907994 a multiple of 44?
False
Is 97 a factor of 617211?
True
Is 601088 a multiple of 128?
True
Is 9 a factor of 342666?
True
Does 388 divide 328437?
False
Is 3691776 a multiple of 418?
True
Does 280 divide 199808?
False
Does 8 divide 107089?
False
Is 2264441 a multiple of 136?
False
Is 159 a factor of 123543?
True
Is 20 a factor of 637774?
False
Does 4 divide 90052?
True
Is 294 a factor of 3229386?
False
Is 217936 a multiple of 7?
False
Is 123914 a multiple of 59?
False
Is 47 a factor of 30080?
True
Is 277977 a multiple of 3?
True
Is 10 a factor of 853359?
False
Is 714063 a multiple of 540?
False
Is 1532 a multiple of 4?
True
Is 99794 a multiple of 75?
False
Is 5891871 a multiple of 69?
False
Is 9201843 a multiple of 567?
True
Is 129602 a multiple of 145?
False
Is 16044 a multiple of 42?
True
Is 2972770 a multiple of 790?
True
Is 124729 a multiple of 4?
False
Does 66 divide 282508?
False
Does 26 divide 3249844?
True
Is 304 a factor of 5040320?
True
Is 25 a factor of 33949?
False
Does 237 divide 5406444?
True
Is 18 a factor of 3731317?
False
Is 1209030 a multiple of 188?
False
Does 17 divide 40749?
True
Does 16 divide 2592?
True
Is 9 a factor of 28217?
False
Is 1383136 a multiple of 3?
False
Is 44 a factor of 915789?
False
Is 22610 a multiple of 38?
True
Does 43 divide 301977?
False
Is 40 a factor of 6552?
False
Is 19440 a multiple of 135?
True
Is 639268 a multiple of 85?
False
Is 214260 a multiple of 20?
True
Is 1753796 a multiple of 1012?
True
Is 46 a factor of 4146503?
False
Is 391804 a multiple of 794?
False
Does 32 divide 188288?
True
Is 418 a factor of 560120?
True
Is 11 a factor of 21285?
True
Is 13 a factor of 32452?
False
Does 276 divide 1858557?
False
Is 12 a factor of 641463?
False
Is 1154753 a multiple of 291?
False
Is 584499 a multiple of 43?
True
Does 486 divide 2950441?
False
Is 11 a factor of 5330457?
True
Is 274 a factor of 637872?
True
Is 4 a factor of 1080?
True
Is 52033 a multiple of 2?
False
Is 105456 a multiple of 8?
True
Is 83 a factor of 635548?
False
Is 280 a factor of 6713622?
False
Is 325 a factor of 392931?
False
Is 19100954 a multiple of 1438?
True
Is 2328040 a multiple of 572?
True
Does 39 divide 12231?
False
Is 1325026 a multiple of 5?
False
Is 604556 a multiple of 99?
False
Is 119 a factor of 8482065?
False
Does 13 divide 11171?
False
Is 388075 a multiple of 19?
True
Does 22 divide 5082198?
True
Is 536 a factor of 674824?
True
Does 117 divide 210742?
False
Is 1832631 a multiple of 39?
False
Is 109611 a multiple of 12?
False
Is 4 a factor of 3499175?
False
Does 2 divide 81560?
True
Is 16588 a multiple of 29?
True
Is 7831835 a multiple of 11?
True
Is 842722 a multiple of 11?
False
Is 37 a factor of 2347613?
True
Does 232 divide 1250248?
True
Is 186741 a multiple of 17?
False
Is 14 a factor of 43729?
False
Is 638172 a multiple of 349?
False
Is 282 a factor of 4033164?
True
Is 4 a factor of 263302?
False
Is 25174 a multiple of 307?
True
Does 210 divide 19666500?
True
Does 174 divide 1271592?
True
Is 45318 a multiple of 91?
True
Does 21 divide 68081?
False
Is 17 a factor of 515440?
True
Does 17 divide 285923?
True
Is 379620 a multiple of 2?
True
Is 88972 even?
True
Is 10 a factor of 173876?
False
Is 911540 a multiple of 17?
True
Is 28 a factor of 957479?
False
Is 19 a factor of 158080?
True
Does 126 divide 584875?
False
Is 56 a factor of 31136?
True
Does 779 divide 1836882?
True
Is 10 a factor of 6963870?
True
Is 125944 a multiple of 91?
True
Does 199 divide 1580506?
False
Is 118350 a multiple of 9?
True
Does 179 divide 295171?
True
Is 83 a factor of 257798?
True
Does 5 divide 14881?
False
Is 2 a factor of 94171?
False
Does 949 divide 3180692?
False
Does 11 divide 27005?
True
Is 3016832 a multiple of 114?
False
Is 187012 a multiple of 7?
True
Is 17 a factor of 456807?
True
Does 76 divide 38380?
True
Is 2093088 a multiple of 16?
True
Does 4 divide 51362?
False
Is 9 a factor of 3478952?
False
Is 1451160 a multiple of 18?
True
Does 10 divide 750059?
False
Is 8 a factor of 299104?
True
Is 867888 a multiple of 12?
True
Is 242107 a multiple of 6?
False
Is 837936 a multiple of 11?
True
Does 77 divide 1811954?
False
Does 26 divide 67813?
False
Is 4603878 a multiple of 27?
True
Does 15 divide 298194?
False
Is 168 a factor of 388370?
False
Is 985 a factor of 674972?
False
Does 33 divide 257231?
False
Does 31 divide 65782?
True
Is 300072 a multiple of 22?
False
Is 319238 a multiple of 38?
True
Does 114 divide 1649922?
True
Does 272 divide 123327?
False
Is 80980 a multiple of 4?
True
Is 2175129 a multiple of 33?
True
Does 30 divide 866370?
True
Is 372 a factor of 1762158?
False
Does 1843 divide 3049885?
False
Is 393437 a multiple of 47?
True
Is 154313 a multiple of 16?
False
Does 18 divide 1889856?
True
Is 3658312 a multiple of 69?
False
Is 100317 a multiple of 7?
True
Is 28 a factor of 9248004?
False
Is 14024325 a multiple of 525?
True
Is 1674054 a multiple of 27?
True
Is 265 a factor of 3597640?
True
Does 